{"id":14589,"date":"2026-03-12T00:14:50","date_gmt":"2026-03-11T23:14:50","guid":{"rendered":"https:\/\/antiquariat-steinbach.com\/rarebooks\/produkt\/genet-jean-oeuvres-completes\/"},"modified":"2026-03-12T00:14:50","modified_gmt":"2026-03-11T23:14:50","slug":"litterature-genet-jean-oeuvres-completes","status":"publish","type":"product","link":"https:\/\/antiquariat-steinbach.com\/rarebooks\/produkt\/litterature-genet-jean-oeuvres-completes\/","title":{"rendered":"Litt\u00e9rature &#8211;   Genet, Jean. &#8211;  Oeuvres completes."},"content":{"rendered":"<p>Paris, Gallimard, 1969 &#8211; 1970.<\/p>\n<p>Volume two and three. 21 : 14,5 cm. 469 pages, 4 leaves; 415 pages, 2 leaves. Original wrappers.<\/p>\n<p>30,00 EUR<\/p>\n","protected":false},"excerpt":{"rendered":"<p>Contains in vol. 2: Notre-Dame des fleurs &#8211; Lecondomn\u00e9 a mort -Miracle de la rose &#8211; Un chant d&#8217;amour &#8211; Vol 3: Pompes fun\u00e9bres &#8211; Le p\u00e9cheur du suquet &#8211; Querelle de brest.<\/p>\n","protected":false},"featured_media":24588,"template":"","meta":[],"product_brand":[],"product_cat":[29,143,96,32,914],"product_tag":[],"class_list":{"0":"post-14589","1":"product","2":"type-product","3":"status-publish","4":"has-post-thumbnail","6":"product_cat-20-jahrhundert","7":"product_cat-francais","8":"product_cat-frankreich","9":"product_cat-literatur","10":"product_cat-zvab","12":"first","13":"instock","14":"purchasable","15":"product-type-simple"},"_links":{"self":[{"href":"https:\/\/antiquariat-steinbach.com\/rarebooks\/wp-json\/wp\/v2\/product\/14589","targetHints":{"allow":["GET"]}}],"collection":[{"href":"https:\/\/antiquariat-steinbach.com\/rarebooks\/wp-json\/wp\/v2\/product"}],"about":[{"href":"https:\/\/antiquariat-steinbach.com\/rarebooks\/wp-json\/wp\/v2\/types\/product"}],"version-history":[{"count":3,"href":"https:\/\/antiquariat-steinbach.com\/rarebooks\/wp-json\/wp\/v2\/product\/14589\/revisions"}],"predecessor-version":[{"id":24587,"href":"https:\/\/antiquariat-steinbach.com\/rarebooks\/wp-json\/wp\/v2\/product\/14589\/revisions\/24587"}],"wp:featuredmedia":[{"embeddable":true,"href":"https:\/\/antiquariat-steinbach.com\/rarebooks\/wp-json\/wp\/v2\/media\/24588"}],"wp:attachment":[{"href":"https:\/\/antiquariat-steinbach.com\/rarebooks\/wp-json\/wp\/v2\/media?parent=14589"}],"wp:term":[{"taxonomy":"product_brand","embeddable":true,"href":"https:\/\/antiquariat-steinbach.com\/rarebooks\/wp-json\/wp\/v2\/product_brand?post=14589"},{"taxonomy":"product_cat","embeddable":true,"href":"https:\/\/antiquariat-steinbach.com\/rarebooks\/wp-json\/wp\/v2\/product_cat?post=14589"},{"taxonomy":"product_tag","embeddable":true,"href":"https:\/\/antiquariat-steinbach.com\/rarebooks\/wp-json\/wp\/v2\/product_tag?post=14589"}],"curies":[{"name":"wp","href":"https:\/\/api.w.org\/{rel}","templated":true}]}}