{"id":14567,"date":"2026-03-12T00:06:53","date_gmt":"2026-03-11T23:06:53","guid":{"rendered":"https:\/\/antiquariat-steinbach.com\/rarebooks\/produkt\/frohner-adolfsitzende-frau-in-einem-sofa-mit-uebergeschlagenen-beinen\/"},"modified":"2026-03-12T00:06:54","modified_gmt":"2026-03-11T23:06:54","slug":"frohner-adolf-sitzende-frau-in-einem-sofa-mit-uebergeschlagenen-beinen","status":"publish","type":"product","link":"https:\/\/antiquariat-steinbach.com\/rarebooks\/produkt\/frohner-adolf-sitzende-frau-in-einem-sofa-mit-uebergeschlagenen-beinen\/","title":{"rendered":"Frohner, Adolf &#8211;  Sitzende Frau in einem Sofa mit \u00fcbergeschlagenen Beinen."},"content":{"rendered":"<p>Vienna, 1970<\/p>\n<p>26 : 19 (Radierung) 50 : 36,5 (Blatt) Signierte Original Radierung.<\/p>\n<p>280,00 EUR<\/p>\n","protected":false},"excerpt":{"rendered":"<p>Adolf Frohner (1934 &#8211; 2207)  \u00f6stgerreichischer Maler, Graphiker und Bildhauer. Zun\u00e4chst war er ein Vertreter der Objekt- und Aktionskunst und war mit der dreit\u00e4gigen Einmauerung zusammen mit Hermann Nitsch und Otto M\u00fchl sowie der Herausgabe des Manifests &#8218;Die Blutorgel&#8216; im Jahr 1962 an der Sch\u00f6pfung des Wiener Aktinismus beteiligt. Nach der Trennung vom Wiener Aktionismus folgte ein Aufenthalt in Paris und Mitarbeit im Atelier von Daniel Spoerri. Er war Vertreter \u00d6sterreichs auf der Biennale in Sao Paulo 1969 und nahm 1970 an der Biennale von Venedig teil. &#8211;  Sch\u00f6ne, gratiger Druck auf festem B\u00fctten.<\/p>\n","protected":false},"featured_media":14569,"template":"","meta":[],"product_brand":[],"product_cat":[29,153,328,914],"product_tag":[],"class_list":{"0":"post-14567","1":"product","2":"type-product","3":"status-publish","4":"has-post-thumbnail","6":"product_cat-20-jahrhundert","7":"product_cat-graphik","8":"product_cat-wiener-aktionismus","9":"product_cat-zvab","11":"first","12":"instock","13":"purchasable","14":"product-type-simple"},"_links":{"self":[{"href":"https:\/\/antiquariat-steinbach.com\/rarebooks\/wp-json\/wp\/v2\/product\/14567","targetHints":{"allow":["GET"]}}],"collection":[{"href":"https:\/\/antiquariat-steinbach.com\/rarebooks\/wp-json\/wp\/v2\/product"}],"about":[{"href":"https:\/\/antiquariat-steinbach.com\/rarebooks\/wp-json\/wp\/v2\/types\/product"}],"version-history":[{"count":2,"href":"https:\/\/antiquariat-steinbach.com\/rarebooks\/wp-json\/wp\/v2\/product\/14567\/revisions"}],"predecessor-version":[{"id":19455,"href":"https:\/\/antiquariat-steinbach.com\/rarebooks\/wp-json\/wp\/v2\/product\/14567\/revisions\/19455"}],"wp:featuredmedia":[{"embeddable":true,"href":"https:\/\/antiquariat-steinbach.com\/rarebooks\/wp-json\/wp\/v2\/media\/14569"}],"wp:attachment":[{"href":"https:\/\/antiquariat-steinbach.com\/rarebooks\/wp-json\/wp\/v2\/media?parent=14567"}],"wp:term":[{"taxonomy":"product_brand","embeddable":true,"href":"https:\/\/antiquariat-steinbach.com\/rarebooks\/wp-json\/wp\/v2\/product_brand?post=14567"},{"taxonomy":"product_cat","embeddable":true,"href":"https:\/\/antiquariat-steinbach.com\/rarebooks\/wp-json\/wp\/v2\/product_cat?post=14567"},{"taxonomy":"product_tag","embeddable":true,"href":"https:\/\/antiquariat-steinbach.com\/rarebooks\/wp-json\/wp\/v2\/product_tag?post=14567"}],"curies":[{"name":"wp","href":"https:\/\/api.w.org\/{rel}","templated":true}]}}