{"id":1437,"date":"2026-03-12T00:02:43","date_gmt":"2026-03-11T23:02:43","guid":{"rendered":"http:\/\/antiquariat-steinbach.com\/rarebooks\/produkt\/buddenbrooks-nach-dem-roman-von-thamas-mann\/"},"modified":"2026-03-12T00:02:43","modified_gmt":"2026-03-11T23:02:43","slug":"buddenbrooks-pfeifer-tadeus-buddenbrooks-nach-dem-roman-von-thamas-mann","status":"publish","type":"product","link":"https:\/\/antiquariat-steinbach.com\/rarebooks\/produkt\/buddenbrooks-pfeifer-tadeus-buddenbrooks-nach-dem-roman-von-thamas-mann\/","title":{"rendered":"Buddenbrooks &#8211;   Pfeifer, Tadeus. &#8211;  Buddenbrooks nach dem Roman von Thamas Mann."},"content":{"rendered":"<p>Basel, 1976\/77.<\/p>\n<p>25 : 15 cm. 11 Seiten mit Abbildungen, gefaltetes 3-seitiges Programm, 9 loose beiliegende Faksimiles. Original-Karton-Mappe.<\/p>\n<p>25,00 EUR<\/p>\n","protected":false},"excerpt":{"rendered":"<p>Anl\u00e4\u00dfich der Urauff\u00fchrung des Theaterst\u00fccks in Basel. Loose beiliegend Faksimiles von Briefen, Fotos etc. von und \u00fcber Thaomas Mann.<\/p>\n","protected":false},"featured_media":0,"template":"","meta":[],"product_brand":[],"product_cat":[168,76,343,145,914],"product_tag":[],"class_list":{"0":"post-1437","1":"product","2":"type-product","3":"status-publish","5":"product_cat-mann","6":"product_cat-schweiz","7":"product_cat-th","8":"product_cat-theater","9":"product_cat-zvab","11":"first","12":"instock","13":"purchasable","14":"product-type-simple"},"_links":{"self":[{"href":"https:\/\/antiquariat-steinbach.com\/rarebooks\/wp-json\/wp\/v2\/product\/1437","targetHints":{"allow":["GET"]}}],"collection":[{"href":"https:\/\/antiquariat-steinbach.com\/rarebooks\/wp-json\/wp\/v2\/product"}],"about":[{"href":"https:\/\/antiquariat-steinbach.com\/rarebooks\/wp-json\/wp\/v2\/types\/product"}],"version-history":[{"count":3,"href":"https:\/\/antiquariat-steinbach.com\/rarebooks\/wp-json\/wp\/v2\/product\/1437\/revisions"}],"predecessor-version":[{"id":18859,"href":"https:\/\/antiquariat-steinbach.com\/rarebooks\/wp-json\/wp\/v2\/product\/1437\/revisions\/18859"}],"wp:attachment":[{"href":"https:\/\/antiquariat-steinbach.com\/rarebooks\/wp-json\/wp\/v2\/media?parent=1437"}],"wp:term":[{"taxonomy":"product_brand","embeddable":true,"href":"https:\/\/antiquariat-steinbach.com\/rarebooks\/wp-json\/wp\/v2\/product_brand?post=1437"},{"taxonomy":"product_cat","embeddable":true,"href":"https:\/\/antiquariat-steinbach.com\/rarebooks\/wp-json\/wp\/v2\/product_cat?post=1437"},{"taxonomy":"product_tag","embeddable":true,"href":"https:\/\/antiquariat-steinbach.com\/rarebooks\/wp-json\/wp\/v2\/product_tag?post=1437"}],"curies":[{"name":"wp","href":"https:\/\/api.w.org\/{rel}","templated":true}]}}