{"id":1423,"date":"2026-03-12T00:02:41","date_gmt":"2026-03-11T23:02:41","guid":{"rendered":"http:\/\/antiquariat-steinbach.com\/rarebooks\/produkt\/linweave-limited-editions-1934\/"},"modified":"2026-03-12T00:02:42","modified_gmt":"2026-03-11T23:02:42","slug":"buch-und-schriftwesen-linweave-linweave-limited-editions-1934","status":"publish","type":"product","link":"https:\/\/antiquariat-steinbach.com\/rarebooks\/produkt\/buch-und-schriftwesen-linweave-linweave-limited-editions-1934\/","title":{"rendered":"Buch- und Schriftwesen &#8211;   Linweave: &#8211;  Linweave Limited Editions 1934."},"content":{"rendered":"<p>(Springfield), The Linweave Association 1934.<\/p>\n<p>31 : 23,5 cm. 24 Seiten mit vielen, meist farbigen Tafeln und Abbildungen. Original-Halbleinenband.<\/p>\n<p>60,00 EUR<\/p>\n","protected":false},"excerpt":{"rendered":"<p>Gibt einen guten \u00dcberblick \u00fcber die Drucke f\u00fcr den Limited Editions Club, mit vielen Druck- und Illustrationsbeispielen namhafter amerikanischer K\u00fcnstler. &#8211; Einband gering angestaubt.<\/p>\n","protected":false},"featured_media":0,"template":"","meta":[],"product_brand":[],"product_cat":[99,41,47,914],"product_tag":[],"class_list":{"0":"post-1423","1":"product","2":"type-product","3":"status-publish","5":"product_cat-buchwesen","6":"product_cat-lond-07","7":"product_cat-typographie","8":"product_cat-zvab","10":"first","11":"instock","12":"purchasable","13":"product-type-simple"},"_links":{"self":[{"href":"https:\/\/antiquariat-steinbach.com\/rarebooks\/wp-json\/wp\/v2\/product\/1423","targetHints":{"allow":["GET"]}}],"collection":[{"href":"https:\/\/antiquariat-steinbach.com\/rarebooks\/wp-json\/wp\/v2\/product"}],"about":[{"href":"https:\/\/antiquariat-steinbach.com\/rarebooks\/wp-json\/wp\/v2\/types\/product"}],"version-history":[{"count":3,"href":"https:\/\/antiquariat-steinbach.com\/rarebooks\/wp-json\/wp\/v2\/product\/1423\/revisions"}],"predecessor-version":[{"id":18851,"href":"https:\/\/antiquariat-steinbach.com\/rarebooks\/wp-json\/wp\/v2\/product\/1423\/revisions\/18851"}],"wp:attachment":[{"href":"https:\/\/antiquariat-steinbach.com\/rarebooks\/wp-json\/wp\/v2\/media?parent=1423"}],"wp:term":[{"taxonomy":"product_brand","embeddable":true,"href":"https:\/\/antiquariat-steinbach.com\/rarebooks\/wp-json\/wp\/v2\/product_brand?post=1423"},{"taxonomy":"product_cat","embeddable":true,"href":"https:\/\/antiquariat-steinbach.com\/rarebooks\/wp-json\/wp\/v2\/product_cat?post=1423"},{"taxonomy":"product_tag","embeddable":true,"href":"https:\/\/antiquariat-steinbach.com\/rarebooks\/wp-json\/wp\/v2\/product_tag?post=1423"}],"curies":[{"name":"wp","href":"https:\/\/api.w.org\/{rel}","templated":true}]}}