{"id":1203,"date":"2026-03-12T00:02:23","date_gmt":"2026-03-11T23:02:23","guid":{"rendered":"http:\/\/antiquariat-steinbach.com\/rarebooks\/produkt\/die-geistliche-braut-als-weltliche-hochzeiterinn\/"},"modified":"2026-03-12T00:02:24","modified_gmt":"2026-03-11T23:02:24","slug":"blaimhofer-maximilian-die-geistliche-braut-als-weltliche-hochzeiterinn","status":"publish","type":"product","link":"https:\/\/antiquariat-steinbach.com\/rarebooks\/produkt\/blaimhofer-maximilian-die-geistliche-braut-als-weltliche-hochzeiterinn\/","title":{"rendered":"Blaimhofer, Maximilian. &#8211;  Die geistliche Braut als weltliche Hochzeiterinn."},"content":{"rendered":"<p>M\u00fcnchen, Strobel. 1784.<\/p>\n<p>18,5 : 11,5 cm. 169 Seiten. Pappband der Zeit.<\/p>\n<p>180,00 EUR<\/p>\n","protected":false},"excerpt":{"rendered":"<p>Erste und einzige Ausgabe. &#8211; Durchgehend etwas papierbedingt etwas gebr\u00e4unt, die letzten 8 Seiten im Bug mit gr\u00f6\u00dferem Fleck. &#8211; Selten.<\/p>\n","protected":false},"featured_media":10084,"template":"","meta":[],"product_brand":[],"product_cat":[74,32,145,297,914],"product_tag":[],"class_list":{"0":"post-1203","1":"product","2":"type-product","3":"status-publish","4":"has-post-thumbnail","6":"product_cat-deutschland","7":"product_cat-literatur","8":"product_cat-theater","9":"product_cat-zuerich","10":"product_cat-zvab","12":"first","13":"instock","14":"purchasable","15":"product-type-simple"},"_links":{"self":[{"href":"https:\/\/antiquariat-steinbach.com\/rarebooks\/wp-json\/wp\/v2\/product\/1203","targetHints":{"allow":["GET"]}}],"collection":[{"href":"https:\/\/antiquariat-steinbach.com\/rarebooks\/wp-json\/wp\/v2\/product"}],"about":[{"href":"https:\/\/antiquariat-steinbach.com\/rarebooks\/wp-json\/wp\/v2\/types\/product"}],"version-history":[{"count":3,"href":"https:\/\/antiquariat-steinbach.com\/rarebooks\/wp-json\/wp\/v2\/product\/1203\/revisions"}],"predecessor-version":[{"id":18752,"href":"https:\/\/antiquariat-steinbach.com\/rarebooks\/wp-json\/wp\/v2\/product\/1203\/revisions\/18752"}],"wp:featuredmedia":[{"embeddable":true,"href":"https:\/\/antiquariat-steinbach.com\/rarebooks\/wp-json\/wp\/v2\/media\/10084"}],"wp:attachment":[{"href":"https:\/\/antiquariat-steinbach.com\/rarebooks\/wp-json\/wp\/v2\/media?parent=1203"}],"wp:term":[{"taxonomy":"product_brand","embeddable":true,"href":"https:\/\/antiquariat-steinbach.com\/rarebooks\/wp-json\/wp\/v2\/product_brand?post=1203"},{"taxonomy":"product_cat","embeddable":true,"href":"https:\/\/antiquariat-steinbach.com\/rarebooks\/wp-json\/wp\/v2\/product_cat?post=1203"},{"taxonomy":"product_tag","embeddable":true,"href":"https:\/\/antiquariat-steinbach.com\/rarebooks\/wp-json\/wp\/v2\/product_tag?post=1203"}],"curies":[{"name":"wp","href":"https:\/\/api.w.org\/{rel}","templated":true}]}}