{"id":1199,"date":"2026-03-12T00:02:23","date_gmt":"2026-03-11T23:02:23","guid":{"rendered":"http:\/\/antiquariat-steinbach.com\/rarebooks\/produkt\/bizarre-revue-periodique-revue-periodique-nouvell-series-redacteur-en-chef-michel-laclos\/"},"modified":"2026-03-12T00:02:24","modified_gmt":"2026-03-11T23:02:24","slug":"bizarre-revue-periodique-revue-periodique-nouvell-series-redacteur-en-chef-michel-laclos","status":"publish","type":"product","link":"https:\/\/antiquariat-steinbach.com\/rarebooks\/produkt\/bizarre-revue-periodique-revue-periodique-nouvell-series-redacteur-en-chef-michel-laclos\/","title":{"rendered":"Bizarre. Revue P\u00e9riodique &#8211; revue p\u00e9riodique nouvell s\u00e9ries. R\u00e9dacteur en chef: Michel Laclos."},"content":{"rendered":"<p>Paris, Pauvert, 1953 &#8211; 1963.<\/p>\n<p>19 issues 27,5 : 19 cm. With many b\/w illustrations. Illustrated original wrappers.<\/p>\n<p>300,00 EUR<\/p>\n","protected":false},"excerpt":{"rendered":"<p>Issues of this rare litterary and satirical Journal, with literary contributions of the most important poets and illustrators. of that time like . &#8211; Present are the following issues:  1953 no. 1: Homage a Gaston Leroux. &#8211; 1955 no. 21956 no. IV: Les h\u00e9t\u00e9ro clites et les fous litt\u00e8raires, num\u00e9ro sp\u00e9cial. &#8211; 1956 no. V. &#8211; 1957 no. VIII. &#8211; 1958 no. IX and X. &#8211;   1959 no. XI\/XII: Petite trait\u00e9 de Jocondologie de Jean Margat suivi d&#8217;un trait\u00e9 de Jocondoclastier. &#8211; 1960 no.XV and XVI:Charles Perussaux, Les myst\u00e8res e Rembrandt. &#8211;  1961 no. XVII\/XVIII Numero sp\u00e9cial: Jean Boullet, La galerie des Monstres, no. 19 &#8211; 22. &#8211; 1962 no. 23: L&#8217;Affaire Rimbaud, 24 &#8211; 27: Cinema fantastique, L&#8217;\u00c9pouvante. James Whale, Tod Browning, Bela Lugosi, Boris Karlof. &#8211; 1963 no. 31: L&#8217;objectif de Segalat et des textes d&#8217;Andr\u00e9 Frederique.<\/p>\n","protected":false},"featured_media":10081,"template":"","meta":[],"product_brand":[],"product_cat":[96,43,123,32,52,914],"product_tag":[],"class_list":{"0":"post-1199","1":"product","2":"type-product","3":"status-publish","4":"has-post-thumbnail","6":"product_cat-frankreich","7":"product_cat-illustrierte-buecher","8":"product_cat-karikatur","9":"product_cat-literatur","10":"product_cat-zeitschriften","11":"product_cat-zvab","13":"first","14":"instock","15":"purchasable","16":"product-type-simple"},"_links":{"self":[{"href":"https:\/\/antiquariat-steinbach.com\/rarebooks\/wp-json\/wp\/v2\/product\/1199","targetHints":{"allow":["GET"]}}],"collection":[{"href":"https:\/\/antiquariat-steinbach.com\/rarebooks\/wp-json\/wp\/v2\/product"}],"about":[{"href":"https:\/\/antiquariat-steinbach.com\/rarebooks\/wp-json\/wp\/v2\/types\/product"}],"version-history":[{"count":2,"href":"https:\/\/antiquariat-steinbach.com\/rarebooks\/wp-json\/wp\/v2\/product\/1199\/revisions"}],"predecessor-version":[{"id":10080,"href":"https:\/\/antiquariat-steinbach.com\/rarebooks\/wp-json\/wp\/v2\/product\/1199\/revisions\/10080"}],"wp:featuredmedia":[{"embeddable":true,"href":"https:\/\/antiquariat-steinbach.com\/rarebooks\/wp-json\/wp\/v2\/media\/10081"}],"wp:attachment":[{"href":"https:\/\/antiquariat-steinbach.com\/rarebooks\/wp-json\/wp\/v2\/media?parent=1199"}],"wp:term":[{"taxonomy":"product_brand","embeddable":true,"href":"https:\/\/antiquariat-steinbach.com\/rarebooks\/wp-json\/wp\/v2\/product_brand?post=1199"},{"taxonomy":"product_cat","embeddable":true,"href":"https:\/\/antiquariat-steinbach.com\/rarebooks\/wp-json\/wp\/v2\/product_cat?post=1199"},{"taxonomy":"product_tag","embeddable":true,"href":"https:\/\/antiquariat-steinbach.com\/rarebooks\/wp-json\/wp\/v2\/product_tag?post=1199"}],"curies":[{"name":"wp","href":"https:\/\/api.w.org\/{rel}","templated":true}]}}