{"id":1115,"date":"2026-03-12T00:02:14","date_gmt":"2026-03-11T23:02:14","guid":{"rendered":"http:\/\/antiquariat-steinbach.com\/rarebooks\/produkt\/antiquites-canariennes-ou-annotations-sur-lorigine-des-peuples-qui-occuperent-les-iles-fortunees-depuis-les-premiers-temps-jusqua-lepoque-de-leur-conquete\/"},"modified":"2026-03-12T00:02:15","modified_gmt":"2026-03-11T23:02:15","slug":"berthelot-sabin-antiquites-canariennes-ou-annotations-sur-lorigine-des-peuples-qui-occuperent-les-iles-fortunees-depuis-les-premiers-temps-jusqua-lepoque-de-leur-conquete","status":"publish","type":"product","link":"https:\/\/antiquariat-steinbach.com\/rarebooks\/produkt\/berthelot-sabin-antiquites-canariennes-ou-annotations-sur-lorigine-des-peuples-qui-occuperent-les-iles-fortunees-depuis-les-premiers-temps-jusqua-lepoque-de-leur-conquete\/","title":{"rendered":"Berthelot, Sabin: &#8211;  Antiquit\u00e9s Canariennes ou annotations sur l&#8217;origine des peuples qui occup\u00e9rent les Iles Fortun\u00e9es, depuis les premiers temps jusqu&#8217;a l&#8217;\u00e9poque de leur conqu\u00e9te."},"content":{"rendered":"<p>Paris, Plon 1879.<\/p>\n<p>28,5 : 23 cm. 2 Blatt, 251 Seiten, 1 Blatt Original-Umschlag.<\/p>\n<p>200,00 EUR<\/p>\n","protected":false},"excerpt":{"rendered":"<p>Beschreibt die verschiedenen V\u00f6lker die die kanarischen Inseln bev\u00f6lkerten, deren Sprache, Gebr\u00e4uche und der kanarischen Antiquit\u00e4ten. Unaufgeschnitten. &#8211; Ohne die Tafeln. &#8211; Hinterer Umschlag fehlt.<\/p>\n","protected":false},"featured_media":0,"template":"","meta":[],"product_brand":[],"product_cat":[65,148,914],"product_tag":[],"class_list":{"0":"post-1115","1":"product","2":"type-product","3":"status-publish","5":"product_cat-geographie","6":"product_cat-spanien","7":"product_cat-zvab","9":"first","10":"instock","11":"purchasable","12":"product-type-simple"},"_links":{"self":[{"href":"https:\/\/antiquariat-steinbach.com\/rarebooks\/wp-json\/wp\/v2\/product\/1115","targetHints":{"allow":["GET"]}}],"collection":[{"href":"https:\/\/antiquariat-steinbach.com\/rarebooks\/wp-json\/wp\/v2\/product"}],"about":[{"href":"https:\/\/antiquariat-steinbach.com\/rarebooks\/wp-json\/wp\/v2\/types\/product"}],"version-history":[{"count":3,"href":"https:\/\/antiquariat-steinbach.com\/rarebooks\/wp-json\/wp\/v2\/product\/1115\/revisions"}],"predecessor-version":[{"id":18717,"href":"https:\/\/antiquariat-steinbach.com\/rarebooks\/wp-json\/wp\/v2\/product\/1115\/revisions\/18717"}],"wp:attachment":[{"href":"https:\/\/antiquariat-steinbach.com\/rarebooks\/wp-json\/wp\/v2\/media?parent=1115"}],"wp:term":[{"taxonomy":"product_brand","embeddable":true,"href":"https:\/\/antiquariat-steinbach.com\/rarebooks\/wp-json\/wp\/v2\/product_brand?post=1115"},{"taxonomy":"product_cat","embeddable":true,"href":"https:\/\/antiquariat-steinbach.com\/rarebooks\/wp-json\/wp\/v2\/product_cat?post=1115"},{"taxonomy":"product_tag","embeddable":true,"href":"https:\/\/antiquariat-steinbach.com\/rarebooks\/wp-json\/wp\/v2\/product_tag?post=1115"}],"curies":[{"name":"wp","href":"https:\/\/api.w.org\/{rel}","templated":true}]}}