{"id":322,"date":"2021-02-09T16:32:22","date_gmt":"2021-02-09T15:32:22","guid":{"rendered":"http:\/\/antiquariat-steinbach.com\/rarebooks\/?page_id=322"},"modified":"2021-08-20T08:44:55","modified_gmt":"2021-08-20T06:44:55","slug":"impressum","status":"publish","type":"page","link":"https:\/\/antiquariat-steinbach.com\/rarebooks\/impressum\/","title":{"rendered":"Impressum"},"content":{"rendered":"\t\t<div data-elementor-type=\"wp-page\" data-elementor-id=\"322\" class=\"elementor elementor-322\">\n\t\t\t\t\t\t<div class=\"elementor-inner\">\n\t\t\t\t<div class=\"elementor-section-wrap\">\n\t\t\t\t\t\t\t\t\t<section class=\"elementor-section elementor-top-section elementor-element elementor-element-d971a26 elementor-section-boxed elementor-section-height-default elementor-section-height-default\" data-id=\"d971a26\" data-element_type=\"section\">\n\t\t\t\t\t\t<div class=\"elementor-container elementor-column-gap-default\">\n\t\t\t\t\t\t\t<div class=\"elementor-row\">\n\t\t\t\t\t<div class=\"elementor-column elementor-col-100 elementor-top-column elementor-element elementor-element-0c3a63e\" data-id=\"0c3a63e\" data-element_type=\"column\">\n\t\t\t<div class=\"elementor-column-wrap elementor-element-populated\">\n\t\t\t\t\t\t\t<div class=\"elementor-widget-wrap\">\n\t\t\t\t\t\t<div class=\"elementor-element elementor-element-0cd9d9e elementor-widget elementor-widget-text-editor\" data-id=\"0cd9d9e\" data-element_type=\"widget\" data-widget_type=\"text-editor.default\">\n\t\t\t\t<div class=\"elementor-widget-container\">\n\t\t\t\t\t\t\t\t<div class=\"elementor-text-editor elementor-clearfix\">\n\t\t\t\t<div class=\"ce-textpic ce-center ce-above\"><div class=\"ce-bodytext\"><p>Antiquariat Michael Steinbach<br \/>Freyung 6\/4\/6<br \/>A &#8211; 1010 Wien<\/p><p>Tel. + Fax. +43-1-5320265<br \/><a>Michael.Steinbach[at]antiquariat-steinbach[dot]com<\/a><\/p><p><b>Haftungsausschluss<\/b><\/p><p>In einigen F\u00e4llen ben\u00f6tigen wir von Ihnen bestimmte Informationen. Alle Ihre pers\u00f6nlichen Angaben, einschlie\u00dflich Ihrer E-Mailadresse, werden von uns folgenderma\u00dfen genutzt:<br \/>Daten, die Sie uns \u00fcbermitteln, um von uns Kundeninformationen zu erhalten, werden erfasst und gespeichert, damit wir Ihre Anfragen kompetent beantworten k\u00f6nnen. Au\u00dferdem registrieren wir, wenn Sie auf unserer Website Informationen lesen oder von unserer Website Daten herunterladen. Dadurch sind wir in der Lage, statistische Auswertungen zu erstellen und unser Angebot Ihren W\u00fcnschen gem\u00e4\u00df zu optimieren.<\/p><p>Personenbezogenen Daten, die wir von Ihnen erhalten und gespeichert haben, werden von uns nicht weitergegeben oder verkauft. Das Antiquariat Steinbach behandelt alle Angaben entsprechend der datenschutzrechtlichen Bestimmungen.<\/p><p>Auf der Website finden Sie Hyperlinks zu anderen Websites, die nicht in der Verantwortung des Antiquariats Steinbach liegen. Beim Besuch dieser Websites kann das Antiquariat Steinbach keine Verantwortung f\u00fcr den vertraulichen Umgang Ihrer Daten \u00fcbernehmen.<\/p><p>Das Antiquariat Steinbach hat keinerlei Einfluss auf die Gestaltung und die Inhalte dieser gelinkten Seiten. Wir distanzieren uns ausdr\u00fccklich von allen Inhalten verlinkter Seiten oder Grafiken und machen uns diese keinesfalls zu eigen. S\u00e4mtliche Verst\u00f6\u00dfe gegen Sitte, Moral oder geltendes Recht, die uns bekannt werden, haben sofortige Entfernung der verlinkten Objekte zur Folge.<\/p><p>Diese Erkl\u00e4rung gilt f\u00fcr alle auf der Website unter <a href=\"http:\/\/www.antiquariat-steinbach.com\" target=\"_blank\" rel=\"noopener\">www.antiquariat-steinbach.com<\/a> gezeigten Links und f\u00fcr alle Inhalte der Seiten. Die Internetseiten des Antiquariats Steinbach k\u00f6nnen ohne unser Wissen von einer anderen Website mittels Hyperlinks &#8222;gelinkt&#8220; worden sein. Das Antiquariat Steinbach \u00fcbernimmt keine Verantwortung f\u00fcr Darstellungen, Inhalte oder irgendeine Verbindung zur Website www.steinbach.de auf den Internetseiten Dritter. Au\u00dferdem beh\u00e4lt sich das Antiquariat Steinbach jederzeit das Recht vor, \u00c4nderungen oder Erg\u00e4nzungen der bereitgestellten Informationen vorzunehmen.<\/p><p>Inhalt und Struktur der Internetseiten des Antiquariats Steinbach sind urheberrechtlich gesch\u00fctzt. Die Vervielf\u00e4ltigung von Informationen oder Daten, insbesondere die Verwendung von Texten, Textteilen oder Bildmaterial bedarf der ausdr\u00fccklichen vorherigen Zustimmung des Antiquariats Steinbach.<\/p><p>Allgemeine Gesch\u00e4ftsbedingungen<\/p><\/div><\/div>\t\t\t\t\t<\/div>\n\t\t\t\t\t\t<\/div>\n\t\t\t\t<\/div>\n\t\t\t\t\t\t<\/div>\n\t\t\t\t\t<\/div>\n\t\t<\/div>\n\t\t\t\t\t\t\t\t<\/div>\n\t\t\t\t\t<\/div>\n\t\t<\/section>\n\t\t\t\t\t\t\t\t\t<\/div>\n\t\t\t<\/div>\n\t\t\t\t\t<\/div>\n\t\t","protected":false},"excerpt":{"rendered":"<p>Antiquariat Michael SteinbachFreyung 6\/4\/6A &#8211; 1010 Wien Tel. + Fax. +43-1-5320265Michael.Steinbach[at]antiquariat-steinbach[dot]com Haftungsausschluss In einigen F\u00e4llen ben\u00f6tigen wir von Ihnen bestimmte&hellip;<\/p>\n","protected":false},"author":1,"featured_media":0,"parent":0,"menu_order":0,"comment_status":"closed","ping_status":"closed","template":"","meta":{"footnotes":""},"class_list":["post-322","page","type-page","status-publish","hentry"],"_links":{"self":[{"href":"https:\/\/antiquariat-steinbach.com\/rarebooks\/wp-json\/wp\/v2\/pages\/322","targetHints":{"allow":["GET"]}}],"collection":[{"href":"https:\/\/antiquariat-steinbach.com\/rarebooks\/wp-json\/wp\/v2\/pages"}],"about":[{"href":"https:\/\/antiquariat-steinbach.com\/rarebooks\/wp-json\/wp\/v2\/types\/page"}],"author":[{"embeddable":true,"href":"https:\/\/antiquariat-steinbach.com\/rarebooks\/wp-json\/wp\/v2\/users\/1"}],"replies":[{"embeddable":true,"href":"https:\/\/antiquariat-steinbach.com\/rarebooks\/wp-json\/wp\/v2\/comments?post=322"}],"version-history":[{"count":7,"href":"https:\/\/antiquariat-steinbach.com\/rarebooks\/wp-json\/wp\/v2\/pages\/322\/revisions"}],"predecessor-version":[{"id":16115,"href":"https:\/\/antiquariat-steinbach.com\/rarebooks\/wp-json\/wp\/v2\/pages\/322\/revisions\/16115"}],"wp:attachment":[{"href":"https:\/\/antiquariat-steinbach.com\/rarebooks\/wp-json\/wp\/v2\/media?parent=322"}],"curies":[{"name":"wp","href":"https:\/\/api.w.org\/{rel}","templated":true}]}}